{"id":598,"date":"2020-07-14T16:50:10","date_gmt":"2020-07-14T14:50:10","guid":{"rendered":"http:\/\/utw.wshtwp.pl\/?page_id=598"},"modified":"2020-07-14T16:50:10","modified_gmt":"2020-07-14T14:50:10","slug":"sprawny-umysl-witalne-cialo","status":"publish","type":"page","link":"https:\/\/utw.anstwp.pl\/?page_id=598","title":{"rendered":"SPRAWNY UMYS\u0141 WITALNE CIA\u0141O"},"content":{"rendered":"<div class=\"ui-row row\">\n <div   class=\"ui-column span6\"><div class=\"ui--image-wrap clearfix text-center ui--block\"><img width=\"1000\" height=\"600\" src=\"https:\/\/utw.anstwp.pl\/wp-content\/uploads\/2020\/07\/senior_brin.jpg\" class=\"ui--image ui--animation\" alt=\"\" loading=\"lazy\" id=\"ui--image-1\" srcset=\"https:\/\/utw.anstwp.pl\/wp-content\/uploads\/2020\/07\/senior_brin.jpg 1000w, https:\/\/utw.anstwp.pl\/wp-content\/uploads\/2020\/07\/senior_brin-300x180.jpg 300w, https:\/\/utw.anstwp.pl\/wp-content\/uploads\/2020\/07\/senior_brin-768x461.jpg 768w\" sizes=\"(max-width: 1000px) 100vw, 1000px\" \/><\/div><\/div> \n\n <div   class=\"ui-column span6\"><div class=\"auto-format ui--animation\"><p><strong>Prowadz\u0105cy zaj\u0119cia: mgr Tomasz Nowakiewicz<\/strong><br \/>\nMagister fizjoterapii. Pracownik Szpitala Klinicznego na Pomorzanach na oddziale Rehabilitacji Kardiologicznej. Technik masa\u017cysta \u2013 specjalizuje si\u0119 w schorzeniach kr\u0119gos\u0142upa, zajmuje si\u0119 r\u00f3wnie\u017c terapi\u0105 manualn\u0105. Posiada do\u015bwiadczenie w pracy ze sportowcami oraz osobami choruj\u0105cymi na stwardnienie rozsiane i chorob\u0119 Parkinsona. Zajmuje si\u0119 rehabilitacj\u0105 os\u00f3b po r\u00f3\u017cnych urazach i kontuzjach.<\/p>\n<ul>\n<li>Metody konwencjonalne i alternatywne<\/li>\n<li>Proces starzenia si\u0119 cia\u0142a i umys\u0142u<\/li>\n<li>Konsultacje z lekarzem jako podstawa<\/li>\n<li>Zapobieganie zmianom zachodz\u0105cym w ciele i umy\u015ble<\/li>\n<li>Zapobieganie chorobom degeneracyjnym (demencja, choroba Azlheimera)<\/li>\n<\/ul>\n<\/div><\/div> \n\n<\/div> \n","protected":false},"excerpt":{"rendered":"<p>Prowadz\u0105cy zaj\u0119cia: mgr Tomasz Nowakiewicz Magister fizjoterapii. Pracownik Szpitala Klinicznego na Pomorzanach na oddziale Rehabilitacji Kardiologicznej. Technik masa\u017cysta \u2013 specjalizuje si\u0119 w schorzeniach kr\u0119gos\u0142upa, zajmuje si\u0119 r\u00f3wnie\u017c terapi\u0105 manualn\u0105. Posiada do\u015bwiadczenie w pracy ze sportowcami oraz osobami choruj\u0105cymi na stwardnienie rozsiane i chorob\u0119 Parkinsona. Zajmuje si\u0119 rehabilitacj\u0105 os\u00f3b po r\u00f3\u017cnych urazach i kontuzjach. Metody konwencjonalne [&hellip;]<\/p>\n","protected":false},"author":1,"featured_media":0,"parent":0,"menu_order":0,"comment_status":"closed","ping_status":"closed","template":"","meta":[],"_links":{"self":[{"href":"https:\/\/utw.anstwp.pl\/index.php?rest_route=\/wp\/v2\/pages\/598"}],"collection":[{"href":"https:\/\/utw.anstwp.pl\/index.php?rest_route=\/wp\/v2\/pages"}],"about":[{"href":"https:\/\/utw.anstwp.pl\/index.php?rest_route=\/wp\/v2\/types\/page"}],"author":[{"embeddable":true,"href":"https:\/\/utw.anstwp.pl\/index.php?rest_route=\/wp\/v2\/users\/1"}],"replies":[{"embeddable":true,"href":"https:\/\/utw.anstwp.pl\/index.php?rest_route=%2Fwp%2Fv2%2Fcomments&post=598"}],"version-history":[{"count":1,"href":"https:\/\/utw.anstwp.pl\/index.php?rest_route=\/wp\/v2\/pages\/598\/revisions"}],"predecessor-version":[{"id":605,"href":"https:\/\/utw.anstwp.pl\/index.php?rest_route=\/wp\/v2\/pages\/598\/revisions\/605"}],"wp:attachment":[{"href":"https:\/\/utw.anstwp.pl\/index.php?rest_route=%2Fwp%2Fv2%2Fmedia&parent=598"}],"curies":[{"name":"wp","href":"https:\/\/api.w.org\/{rel}","templated":true}]}}