{"id":5,"date":"2019-09-26T13:42:37","date_gmt":"2019-09-26T11:42:37","guid":{"rendered":"http:\/\/utw.wshtwp.pl\/?page_id=5"},"modified":"2019-09-26T14:02:16","modified_gmt":"2019-09-26T12:02:16","slug":"start","status":"publish","type":"page","link":"https:\/\/utw.anstwp.pl\/","title":{"rendered":"START"},"content":{"rendered":"<div  id=\"video-background-1\" class=\"ui--video-background-wrapper fullwidth-content clearfix\" style=\"margin-top: -25px;  margin-bottom: -20px;\"><div class=\"ui--video-background-holder\"><div  class=\"ui--video-background-video hidden-phone \"><\/div><div class=\"ui--video-background-poster\"><\/div><div  class=\"ui--video-background\"><div class=\"ui--gradient\"><\/div><\/div><\/div><div  class=\"ui--section-content container clearfix\"><h2 id=\"custom-title-h2-1\" class=\"ui--animation \" style=\"text-align: center; \">ZOSTA\u0143 AKTYWNYM SENIOREM W DOBIE XXI WIEKU!<\/h2><div class=\"auto-format ui--animation\"><p><center>Starzenie si\u0119 jest naturalnym etapem \u017cycia cz\u0142owieka; szcz\u0119\u015bliwie w wyniku post\u0119pu cywilizacyjnego i poprawy jako\u015bci \u017cycia \u017cyjemy coraz d\u0142u\u017cej i d\u0142u\u017cej te\u017c pozostajemy w dobrej kondycji intelektualnej i fizycznej. Wi\u0119cej lat sp\u0119dzamy na emeryturze, poza aktywno\u015bci\u0105 zawodow\u0105. Nie oznacza to, \u017ce musi to by\u0107 okres bierno\u015bci, nudy, braku perspektyw czy braku szans na rozw\u00f3j osobisty. Przeciwnie, czas, kt\u00f3rym dysponuje wsp\u00f3\u0142czesny senior, mo\u017ce by\u0107 spo\u017cytkowany w warto\u015bciowy, tw\u00f3rczy i ciekawy spos\u00f3b. Mog\u0105 go wype\u0142ni\u0107 spotkania z lud\u017ami w zbli\u017conym wieku, podczas kt\u00f3rych jest mo\u017cliwo\u015b\u0107 realizacji swoich pasji i zainteresowa\u0144.<\/center><\/p>\n<\/div><div class=\"ui-row row\">\n <div   class=\"ui-column span3\"><div class=\"ui--image-wrap clearfix text-center ui--block\"><img width=\"180\" height=\"180\" src=\"https:\/\/utw.anstwp.pl\/wp-content\/uploads\/2020\/07\/doswiadczenie-180x180.png\" class=\"ui--image ui--animation\" alt=\"\" loading=\"lazy\" id=\"ui--image-1\" srcset=\"https:\/\/utw.anstwp.pl\/wp-content\/uploads\/2020\/07\/doswiadczenie-180x180.png 180w, https:\/\/utw.anstwp.pl\/wp-content\/uploads\/2020\/07\/doswiadczenie-150x150.png 150w, https:\/\/utw.anstwp.pl\/wp-content\/uploads\/2020\/07\/doswiadczenie.png 250w\" sizes=\"(max-width: 180px) 100vw, 180px\" \/><\/div><h3 id=\"custom-title-h3-1\" class=\"ui--animation \" style=\"text-align: center; \">DO\u015aWIADCZENIE<\/h3><div class=\"auto-format ui--animation\"><p><center>Nasze zaj\u0119cia prowadzone sa przez odpowiednio przygotowan\u0105 kadr\u0119 z wieloletnim do\u015bwiadczeniem.<\/center><\/p>\n<\/div><\/div> \n\n <div   class=\"ui-column span3\"><div class=\"ui--image-wrap clearfix text-center ui--block\"><img width=\"180\" height=\"180\" src=\"https:\/\/utw.anstwp.pl\/wp-content\/uploads\/2020\/07\/atrakcyjna-forma-180x180.jpg\" class=\"ui--image ui--animation\" alt=\"\" loading=\"lazy\" id=\"ui--image-2\" srcset=\"https:\/\/utw.anstwp.pl\/wp-content\/uploads\/2020\/07\/atrakcyjna-forma-180x180.jpg 180w, https:\/\/utw.anstwp.pl\/wp-content\/uploads\/2020\/07\/atrakcyjna-forma-150x150.jpg 150w, https:\/\/utw.anstwp.pl\/wp-content\/uploads\/2020\/07\/atrakcyjna-forma.jpg 250w\" sizes=\"(max-width: 180px) 100vw, 180px\" \/><\/div><h3 id=\"custom-title-h3-2\" class=\"ui--animation \" style=\"text-align: center; \">ATRAKCYJNA FORMA<\/h3><div class=\"auto-format ui--animation\"><p><center>Zaj\u0119cia maj\u0105 form\u0119 wyk\u0142ad\u00f3w, prelekcji, warsztat\u00f3w i zaj\u0119\u0107 terenowych.<\/center><\/p>\n<\/div><\/div> \n\n <div   class=\"ui-column span3\"><div class=\"ui--image-wrap clearfix text-center ui--block\"><img width=\"180\" height=\"180\" src=\"https:\/\/utw.anstwp.pl\/wp-content\/uploads\/2020\/07\/poprawa-jakosci-180x180.png\" class=\"ui--image ui--animation\" alt=\"\" loading=\"lazy\" id=\"ui--image-3\" srcset=\"https:\/\/utw.anstwp.pl\/wp-content\/uploads\/2020\/07\/poprawa-jakosci-180x180.png 180w, https:\/\/utw.anstwp.pl\/wp-content\/uploads\/2020\/07\/poprawa-jakosci-150x150.png 150w, https:\/\/utw.anstwp.pl\/wp-content\/uploads\/2020\/07\/poprawa-jakosci.png 250w\" sizes=\"(max-width: 180px) 100vw, 180px\" \/><\/div><h3 id=\"custom-title-h3-3\" class=\"ui--animation \" style=\"text-align: center; \">POPRAWA JAKO\u015aCI \u017bYCIA<\/h3><div class=\"auto-format ui--animation\"><p><center>\u017byjemy coraz d\u0142u\u017cej i d\u0142u\u017cej te\u017c pozostajemy w dobrej kondycji.<\/center><\/p>\n<\/div><\/div> \n\n <div   class=\"ui-column span3\"><div class=\"ui--image-wrap clearfix text-center ui--block\"><img width=\"180\" height=\"180\" src=\"https:\/\/utw.anstwp.pl\/wp-content\/uploads\/2020\/07\/realizacja-pasji-180x180.png\" class=\"ui--image ui--animation\" alt=\"\" loading=\"lazy\" id=\"ui--image-4\" srcset=\"https:\/\/utw.anstwp.pl\/wp-content\/uploads\/2020\/07\/realizacja-pasji-180x180.png 180w, https:\/\/utw.anstwp.pl\/wp-content\/uploads\/2020\/07\/realizacja-pasji-150x150.png 150w, https:\/\/utw.anstwp.pl\/wp-content\/uploads\/2020\/07\/realizacja-pasji.png 250w\" sizes=\"(max-width: 180px) 100vw, 180px\" \/><\/div><h3 id=\"custom-title-h3-4\" class=\"ui--animation \" style=\"text-align: center; \">REALIZACJA PASJI<\/h3><div class=\"auto-format ui--animation\"><p><center>Wzrost wiary w w\u0142asne mo\u017cliwo\u015bci, poczucie zadowolenia i ch\u0119ci \u017cycia.<\/center><\/p>\n<\/div><\/div> \n\n<\/div> \n<div  class=\"ui--space clearfix\" data-responsive=\"{&quot;css&quot;:{&quot;height&quot;:{&quot;phone&quot;:null,&quot;tablet&quot;:null,&quot;widescreen&quot;:null}}}\"><\/div><div  class=\"ui--space clearfix\" data-responsive=\"{&quot;css&quot;:{&quot;height&quot;:{&quot;phone&quot;:null,&quot;tablet&quot;:null,&quot;widescreen&quot;:null}}}\"><\/div><\/div><\/div><div  id=\"section-v6rpr\" class=\"fullwidth-content ui--section clearfix section-v6rpr color--dark\" style=\"margin-bottom: -20px;\"><div  class=\"ui--section-content\"><div class=\"container\"><h3 id=\"custom-title-h3-5\" class=\"ui--animation \" style=\"text-align: center; \">PARTNERZY<\/h3><div class=\"ui--client-list-wrapper ui--animation ui-row clearfix\"><div class=\"ui--client-list ui--box ui-row clearfix ui--carousel\" data-options=\"{&quot;effect&quot;:&quot;slide&quot;,&quot;auto_rotate&quot;:&quot;1&quot;,&quot;animation_loop&quot;:&quot;0&quot;,&quot;rotate_time&quot;:3000,&quot;arrows&quot;:true,&quot;disable_on_mobile&quot;:false}\"><div class=\"slides\"><div class=\"ui-fluid-columns ui-fluid-columns-7 ui-row row\">\n <div   class=\"ui-column ui-fluid-column\"><div class=\"ui--client ui--carousel-item\"><a href=\"https:\/\/twp.szczecin.pl\"><img src=\"http:\/\/utw.anstwp.pl\/wp-content\/uploads\/2019\/09\/twp.jpg\" alt=\"\" title=\"\" class=\"ui--animation\"><\/a><\/div><div class=\"vertical-divider\"><\/div><\/div> \n\n <div   class=\"ui-column ui-fluid-column\"><div class=\"ui--client ui--carousel-item\"><img src=\"http:\/\/utw.anstwp.pl\/wp-content\/uploads\/2020\/03\/tvp3szczecin.jpg\" alt=\"\" title=\"\" class=\"ui--animation\"><\/div><div class=\"vertical-divider\"><\/div><\/div> \n\n <div   class=\"ui-column ui-fluid-column\"><div class=\"ui--client ui--carousel-item\"><img src=\"http:\/\/utw.anstwp.pl\/wp-content\/uploads\/2020\/03\/ipn.jpg\" alt=\"\" title=\"\" class=\"ui--animation\"><\/div><div class=\"vertical-divider\"><\/div><\/div> \n\n <div   class=\"ui-column ui-fluid-column\"><div class=\"ui--client ui--carousel-item\"><img src=\"http:\/\/utw.anstwp.pl\/wp-content\/uploads\/2020\/03\/kuratorium-oswiaty.jpg\" alt=\"\" title=\"\" class=\"ui--animation\"><\/div><div class=\"vertical-divider\"><\/div><\/div> \n\n <div   class=\"ui-column ui-fluid-column\"><div class=\"ui--client ui--carousel-item\"><img src=\"http:\/\/utw.anstwp.pl\/wp-content\/uploads\/2020\/03\/policja.jpg\" alt=\"\" title=\"\" class=\"ui--animation\"><\/div><div class=\"vertical-divider\"><\/div><\/div> \n\n <div   class=\"ui-column ui-fluid-column\"><div class=\"ui--client ui--carousel-item\"><img src=\"http:\/\/utw.anstwp.pl\/wp-content\/uploads\/2020\/03\/radio-szczecin.jpg\" alt=\"\" title=\"\" class=\"ui--animation\"><\/div><div class=\"vertical-divider\"><\/div><\/div> \n\n <div   class=\"ui-column ui-fluid-column last\"><div class=\"ui--client ui--carousel-item\"><img src=\"http:\/\/utw.anstwp.pl\/wp-content\/uploads\/2020\/03\/unnamed-file.wm.jpg\" alt=\"\" title=\"\" class=\"ui--animation\"><\/div><div class=\"vertical-divider\"><\/div><\/div> \n\n<\/div> \n<\/div><\/div><\/div><\/div><\/div><\/div><!-- \/.fullwidth-container -->","protected":false},"excerpt":{"rendered":"<p>ZOSTA\u0143 AKTYWNYM SENIOREM W DOBIE XXI WIEKU!Starzenie si\u0119 jest naturalnym etapem \u017cycia cz\u0142owieka; szcz\u0119\u015bliwie w wyniku post\u0119pu cywilizacyjnego i poprawy jako\u015bci \u017cycia \u017cyjemy coraz d\u0142u\u017cej i d\u0142u\u017cej te\u017c pozostajemy w dobrej kondycji intelektualnej i fizycznej. Wi\u0119cej lat sp\u0119dzamy na emeryturze, poza aktywno\u015bci\u0105 zawodow\u0105. Nie oznacza to, \u017ce musi to by\u0107 okres bierno\u015bci, nudy, braku perspektyw [&hellip;]<\/p>\n","protected":false},"author":1,"featured_media":0,"parent":0,"menu_order":0,"comment_status":"closed","ping_status":"closed","template":"","meta":[],"_links":{"self":[{"href":"https:\/\/utw.anstwp.pl\/index.php?rest_route=\/wp\/v2\/pages\/5"}],"collection":[{"href":"https:\/\/utw.anstwp.pl\/index.php?rest_route=\/wp\/v2\/pages"}],"about":[{"href":"https:\/\/utw.anstwp.pl\/index.php?rest_route=\/wp\/v2\/types\/page"}],"author":[{"embeddable":true,"href":"https:\/\/utw.anstwp.pl\/index.php?rest_route=\/wp\/v2\/users\/1"}],"replies":[{"embeddable":true,"href":"https:\/\/utw.anstwp.pl\/index.php?rest_route=%2Fwp%2Fv2%2Fcomments&post=5"}],"version-history":[{"count":2,"href":"https:\/\/utw.anstwp.pl\/index.php?rest_route=\/wp\/v2\/pages\/5\/revisions"}],"predecessor-version":[{"id":22,"href":"https:\/\/utw.anstwp.pl\/index.php?rest_route=\/wp\/v2\/pages\/5\/revisions\/22"}],"wp:attachment":[{"href":"https:\/\/utw.anstwp.pl\/index.php?rest_route=%2Fwp%2Fv2%2Fmedia&parent=5"}],"curies":[{"name":"wp","href":"https:\/\/api.w.org\/{rel}","templated":true}]}}